mon divisor of 427 and 1594601?
61
Calculate the greatest common factor of 1589 and 526127.
7
What is the highest common divisor of 128 and 281580928?
128
What is the greatest common factor of 83916245 and 18165?
6055
What is the greatest common divisor of 10 and 1008940?
10
Calculate the highest common factor of 43589808 and 39.
3
Calculate the greatest common factor of 495 and 23665158.
99
What is the greatest common factor of 59 and 603167266?
59
Calculate the greatest common factor of 868 and 1275526.
434
What is the highest common factor of 30761554 and 12184?
3046
What is the greatest common factor of 2389573 and 6479?
589
Calculate the greatest common factor of 1298459 and 2551.
2551
Calculate the highest common divisor of 340168 and 64834.
842
Calculate the greatest common factor of 49528 and 1157264.
1208
What is the greatest common factor of 60 and 1649220?
60
What is the greatest common divisor of 45 and 293512215?
15
What is the greatest common factor of 519772 and 11264?
44
What is the highest common factor of 11818 and 36929384?
622
Calculate the highest common divisor of 201918480 and 120.
120
Calculate the highest common divisor of 160 and 6501080.
40
Calculate the greatest common divisor of 221843 and 266831.
163
What is the greatest common factor of 50 and 1650410?
10
What is the highest common factor of 10810570 and 584?
146
What is the greatest common divisor of 2600 and 13594360?
520
What is the greatest common factor of 5911 and 8319560?
23
What is the greatest common divisor of 518969370 and 850?
170
Calculate the greatest common factor of 3220830 and 5285.
755
Calculate the highest common factor of 136259 and 712.
89
What is the highest common divisor of 1825015 and 235?
5
Calculate the highest common factor of 523514515 and 124.
31
Calculate the greatest common divisor of 40962815 and 885.
295
What is the greatest common divisor of 124 and 2609668?
4
Calculate the highest common divisor of 360 and 9104580.
180
What is the greatest common factor of 142451 and 510947?
853
Calculate the greatest common factor of 60 and 9097476.
12
Calculate the highest common divisor of 72 and 7811016.
24
Calculate the highest common divisor of 2775830382 and 78.
78
Calculate the greatest common divisor of 10 and 10816682.
2
Calculate the greatest common factor of 542 and 32842490.
542
What is the highest common divisor of 481 and 56980703?
481
What is the highest common factor of 528971192 and 4976?
2488
Calculate the greatest common factor of 5748729 and 147.
147
Calculate the greatest common divisor of 221 and 2179186191.
221
Calculate the highest common factor of 36306 and 7236.
18
Calculate the highest common factor of 1022782953 and 1718.
859
Calculate the greatest common divisor of 2384 and 3207264.
16
Calculate the greatest common factor of 172440337 and 421.
421
Calculate the highest common factor of 4984 and 4837.
7
What is the highest common divisor of 1880800 and 1600?
800
Calculate the greatest common divisor of 341 and 211387605.
341
Calculate the highest common factor of 19690 and 2018225.
9845
What is the greatest common factor of 1923625 and 19586?
1399
What is the greatest common divisor of 743253 and 12?
3
What is the highest common divisor of 1813350 and 7425?
825
What is the highest common factor of 3370 and 6751795?
1685
Calculate the greatest common factor of 25346585 and 1067.
1067
What is the greatest common factor of 12983847 and 13611?
1047
What is the highest common factor of 5505420 and 6900?
60
What is the highest common factor of 5192 and 6846136?
88
Calculate the highest common divisor of 12022263 and 15851.
1441
What is the greatest common divisor of 29716 and 312524?
92
Calculate the greatest common factor of 387523546 and 662.
662
Calculate the greatest common factor of 12824 and 26054.
14
What is the highest common divisor of 8205601 and 74?
37
What is the highest common divisor of 130476 and 5937444?
1572
What is the greatest common divisor of 115934 and 23209438?
686
What is the greatest common divisor of 490 and 238165970?
490
Calculate the greatest common factor of 2128 and 331433872.
2128
What is the greatest common divisor of 434897 and 49513?
67
What is the highest common factor of 141 and 503511?
141
Calculate the greatest common divisor of 28274245 and 184.
23
Calculate the greatest common factor of 4129392 and 360.
24
Calculate the greatest common factor of 6926 and 6582.
2
What is the highest common factor of 100398 and 7018?
58
What is the highest common divisor of 140 and 91132076?
28
Calculate the greatest common divisor of 73124 and 63832.
404
Calculate the highest common divisor of 128988 and 2340.
36
What is the highest common divisor of 720 and 2252800?
80
Calculate the highest common factor of 2255136 and 429.
39
Calculate the highest common factor of 24111 and 689445.
27
What is the greatest common factor of 271782 and 338786?
14
Calculate the greatest common divisor of 220855010 and 80.
10
What is the highest common factor of 9116 and 13145696?
212
What is the greatest common factor of 28 and 21376628?
28
Calculate the greatest common factor of 24863405 and 140.
35
What is the highest common divisor of 5805 and 6130725?
645
What is the greatest common divisor of 15504 and 422088?
24
Calculate the greatest common divisor of 39912252 and 1614480.
11532
Calculate the highest common factor of 3004276 and 88.
44
Calculate the highest common factor of 216 and 15098508.
108
What is the highest common divisor of 886409006 and 322?
322
What is the greatest common divisor of 15 and 2155144515?
15
What is the greatest common factor of 2542 and 3921322?
82
Calculate the highest common divisor of 198910797 and 9251.
841
What is the highest common divisor of 70200 and 41873850?
450
What is the greatest common factor of 99 and 87265167?
33
What is the greatest common divisor of 600 and 8340372?
12
Calculate the greatest common divisor of 24112668 and 7102.
106
What is the highest common divisor of 32600971 and 39?
13
Calculate the greatest common factor of 1310 and 116217567.
131
What is the highest common factor of 744 and 37571442?
186
What is the greatest common factor of 11015744 and 1824?
608
What is the highest common divisor of 44272605 and 178?
89
What is the highest common factor of 129 and 69897?
3
Calculate the highest common divisor of 13446048 and 2016.
672
What is the greatest common factor of 145431 and 8613?
99
What is the highest common factor of 21344 and 4609568?
736
Calculate the greatest common factor of 1790492 and 781.
11
What is the greatest common factor of 24 and 19017801?
3
Calculate the highest common factor of 178 and 155682271.
89
Calculate the greatest common factor of 141 and 21501.
3
What is the highest common divisor of 2614536 and 28872?
72
Calculate the highest common factor of 29328 and 33920276.
2444
Calculate the highest common factor of 397088 and 98.
2
Calculate the highest common factor of 582472 and 792.
88
What is the highest common divisor of 4464 and 903402?
558
What is the highest common factor of 10 and 62364520?
10
Calculate the greatest common factor of 61460 and 1130.
10
Calculate the highest common factor of 106954 and 10899218.
2018
What is the greatest common factor of 95600 and 1594960?
80
Calculate the greatest common divisor of 275 and 3956755.
55
Calculate the highest common factor of 17378762 and 79957.
2161
What is the highest common factor of 7434284 and 1364?
44
Calculate the greatest common divisor of 1339227 and 5911.
257
What is the greatest common divisor of 673505949 and 5667?
5667
Calculate the highest common factor of 1065 and 817707.
213
What is the greatest common factor of 265076 and 52134769?
9467
Calculate the greatest common divisor of 2673 and 223121547.
891
Calculate the highest common divisor of 2689732 and 19108.
1124
Calculate the highest common divisor of 49556 and 2873.
13
Calculate the greatest common factor of 96191904 and 1312.
1312
What is the greatest common factor of 59324576 and 36656?
1264
What is the greatest common factor of 438947939 and 34?
17
What is the highest common factor of 30212 and 106652?
364
What is the highest common factor of 177483 and 402?
201
Calculate the greatest common factor of 906